4 + j**2 + 0 + 0*j. Let c be -14 + 10 - 0/(-5). Give i(c).
0
Let l be 0 + (-1 + 2 - -2). Suppose -x = x - i - 4, 3*i = x + l. Suppose 0 = 4*s - 4 - 8, 0 = x*y + 5*s - 15. Let h(m) = -m**2 - m + 9. Give h(y).
9
Suppose 0 = 3*w + 3*i - 5*i - 16, -3*w = -5*i - 22. Let x(v) = -2*v**2 + 0*v**2 - w + v**3 - 2*v + 7*v**2 - 2*v**3. Determine x(3).
8
Let f(g) = 29*g**2 + 7*g - 22. Let o(t) = -11*t**2 - 2*t + 7. Let a(v) = -3*f(v) - 8*o(v). What is a(8)?
34
Let g be 0/((-42 - -49) + -6*1). Let k(q) = q**3 + q**2 - 4*q - 5. Calculate k(g).
-5
Suppose 3*h + 4*u = 16, -5*u - 29 + 35 = 2*h. Let x(f) = -f + 1. Give x(h).
-7
Let a(n) = -n**2 + 5*n + 4. Let j = 3 + -1. Suppose 1 = -i + 3*m + 3, -i + m + 6 = 0. Suppose 16 = 5*t + j*w - w, i = -t - 3*w. Calculate a(t).
8
Suppose -4*c + 3*c - 4*m + 22 = 0, 4 = m. Let y be -7 + c/3 - 0. Let g(f) = 2*f. Give g(y).
-10
Let l = 12 + -5. Let t(r) = r + l - 8 + 0*r - 1. Let k be t(2). Let g(j) = -j - 12. Calculate g(k).
-12
Suppose 4*l - 2*a - 3 - 7 = 0, 5*a = 4*l + 5. Let m(v) be the third derivative of -v**4/24 - 2*v**2. Let o(x) = 3*x. Let i(c) = l*m(c) + 3*o(c). Give i(1).
4
Let k(u) = u - 10. Let h = -13 - 37. Let n = h + 56. Calculate k(n).
-4
Let g(l) be the first derivative of l**3/3 + 9*l**2/2 + 7*l + 63. What is g(-6)?
-11
Let r(q) = 120*q + 2*q**3 - 4*q**3 - 9*q**2 - 122*q - 5 + 3*q**3 - 2*q**3. Calculate r(-9).
13
Suppose 3*o + 7 = 22. Let b(k) = k + 1. Let q(h) = h**3 - 4*h**2 - 7*h - 7. Let n(u) = -5*b(u) - q(u). Determine n(o).
-13
Let u(s) = s**2 - 11*s + 17. Let q be u(6). Let j(f) = f**3 + 13*f**2 - f - 9. Determine j(q).
4
Suppose 30*d + 36*d = -264. Let i(a) be the second derivative of a**5/20 + 5*a**4/12 - a**3/3 - 3*a**2 - a. Give i(d).
18
Let n be (-1 - -2)/((5/(-2))/(-5)). Let j(v) = v**2 - 6*v - 2 + 4*v - 3*v**n - 2*v. Give j(-2).
-2
Let s(b) be the third derivative of b**6/120 + 2*b**5/15 - b**4/24 - 11*b**3/6 - b**2 - 10*b. Determine s(-8).
-3
Let t(s) = 2*s - 1. Let i = -53 - -55. Suppose -4*m = -i*m - 8. Determine t(m).
7
Let b(y) be the third derivative of -y**5/60 + y**4/8 + 5*y**3/6 + 2*y**2 + 80*y. Give b(6).
-13
Let q be (-16 + 0)/(-2) + 0/1. Let o(d) = -6*d**3 + 11*d - q*d**2 - 4*d + 4 + 7*d**3. Let l = -11 - -18. Calculate o(l).
4
Let x(p) be the third derivative of -p**6/8 - p**5/30 - p**4/24 - 27*p**2. What is x(-1)?
14
Let h(y) = -16*y**2 + 4*y - 5. Let j(p) = 7*p**2 + 7 + 3 - 6 - 3*p + 8*p**2. Let t(u) = 4*h(u) + 5*j(u). Determine t(-1).
10
Let r(u) = -2*u + 13. Let f be r(-3). Suppose 2*k - 2*l = 2, -k - f = -0*k + 4*l. Let o(i) = -i - 6. Calculate o(k).
-3
Let v(x) = x**2 - 8*x - 5. Let k be v(9). Suppose k*p + 58 - 22 = 0. Let g be 8/(-4) - p/(-3). Let r(z) = z**2 + 6*z - 3. Give r(g).
-8
Let h(o) = -662 + o - 670 + 1341. Calculate h(-4).
5
Suppose 5*p + 2*p = 0. Let g(y) = 10*y + 10. Let w(o) = 7*o + 10. Let q(v) = 2*g(v) - 3*w(v). Calculate q(p).
-10
Let k(j) = -j**2 - 10*j - 1. Let o = 83 + -88. What is k(o)?
24
Suppose 4*k - 12 + 4 = 0. Suppose -3*m = p - 18, -2*p + 2*m + 34 + 2 = 0. Let n(u) = -p*u - 2 - 13*u + 37*u + 0. What is n(k)?
10
Let b(n) = 8 + 0*n - 5*n + 11 + 9 - 45. What is b(-8)?
23
Let l(z) = 2*z**3 - 15*z**2 + 6*z + 4. Let k(r) = r**3 - 7*r**2 + 3*r + 2. Let f(b) = -13*k(b) + 6*l(b). Let w be (-14 - (-568)/40)*-10. Calculate f(w).
16
Let n be 1*2*(0 + 1). Suppose -3*o = n*o - 15. Let m(a) = -5*a + 2*a + 0 + o - 5*a**2 + 4*a + a**3. Give m(5).
8
Let k(t) = -8*t**3 + t**2 + t + 1. Let l = -423 - -422. Determine k(l).
9
Let w = -23 + 26. Let u be -6 + (-4)/12*w. Let p(s) = 2*s + 10. Calculate p(u).
-4
Let b(g) = -10 - 5*g + 21 + 27 + g - 3. Determine b(8).
3
Let x(b) = -3*b**2 + 1. Suppose 3*p - p = 5*n + 38, -36 = -3*p - 3*n. Let t = 23 - p. Let g(l) = -l**2 + 8*l + 11. Let j be g(t). What is x(j)?
-11
Let v(l) = 0 + 3*l**2 - 4*l - 2*l**2 + 5. Let u(o) = -o**2 + 2*o + 7. Let j be 27/(-36)*1/((-1)/4). Let w be u(j). Determine v(w).
5
Let h = -107 + 105. Let f(c) = 7*c**2 + 3*c + 2. Let w(u) = -u**2. Let i(g) = f(g) + 2*w(g). What is i(h)?
16
Let f be (-88)/(-55) - (-37)/5. Let n(i) = i**2 - 10*i + 11. Determine n(f).
2
Let v(s) be the second derivative of -5/6*s**3 + 1/12*s**4 - 5/2*s**2 + 9*s + 0. Determine v(6).
1
Let p(n) = 8*n**2 + 7*n + 4. Let s be p(-1). Let o(b) be the second derivative of 1/20*b**s - 1/6*b**3 - 1/3*b**4 + 0 + 11*b + 0*b**2. Give o(3).
-12
Let c = -96 + 94. Let p(f) = 3*f + 1. Calculate p(c).
-5
Suppose 2*x = -5 + 7. Suppose -4*z - 3 + 15 = 0. Let u(r) = -z*r + 4 - 5 + 2. What is u(x)?
-2
Let c(p) = p**2 + p + 4. Let u(j) = j**2 - 10*j + 24. Let g be (2/(-6))/(-1) + (-187)/(-33). Let f be u(g). Calculate c(f).
4
Let u(l) = -2*l + 6*l + 17 - 19 - 3*l + 8. What is u(-11)?
-5
Let h(p) = -p**3 - 9*p**2 - 9*p + 7. Let k(c) = c**2 + 23*c + 104. Let a be k(-16). Determine h(a).
15
Let u(q) = 2*q**2 + q - 11. Let f(i) = -i + 3. Let v(g) = -2*f(g) - u(g). What is v(4)?
-23
Let r(s) = 2*s + 4. Let k be (-8)/(-6)*(-6)/4. Let z be k - (-3 - (4 + -9)). Calculate r(z).
-4
Let n = -46 - -48. Let u(b) = n*b + 3 - b + b. Calculate u(-3).
-3
Let u(z) = 33*z**3 - 12*z**2 - 21*z + 31. Let s(t) = 5*t**3 - 2*t**2 - 3*t + 5. Let c(f) = 13*s(f) - 2*u(f). Suppose -2*p - 2*p - 12 = 0. What is c(p)?
3
Let x(i) be the third derivative of 1/60*i**5 - 4*i**2 + 1/6*i**4 + 0*i - 5/6*i**3 + 0. Let h = -9 + 3. What is x(h)?
7
Let g be -1*(19 + 2/(-5 - -3)). Let t be 47/9 + 1 - (-4)/g. Let v(i) = 3 - 8 - 3 + i. Calculate v(t).
-2
Let n(r) = -2*r + 1. Let i(f) = f**3 + 5*f**2 + f - 4. Let h be i(-2). Suppose 0 = -5*o + 4 + h. What is n(o)?
-3
Let l(p) = p**2 - 11*p + 24. Suppose 5*i = 5*h + 40, -16*i - h = -15*i - 6. What is l(i)?
-4
Suppose 5*s + 4 - 35 = 2*d, s - d - 8 = 0. Suppose -4*y = -2*z + 24, -s*z + 28 = -y - 14. Let i(r) = r**2 - 8*r - 4. Calculate i(z).
-4
Suppose -88 = -70*i + 75 - 93. Suppose 4 = m + 2. Let n(q) = 1 + 16*q + 2 - m. Give n(i).
17
Let s(d) = -d**3 + 2*d**2 + 5*d - 11. Let x be s(5). Let p = -63 - x. Let u(m) = -2*m**2 + 2*m + 3. Determine u(p).
-9
Let c be (448/(-120) - -4)*(-2)/(-32). Let t(w) be the third derivative of 0 + w**2 + c*w**5 - 7/24*w**4 + 0*w - 1/3*w**3. Give t(6).
-8
Let r = 10 - 6. Suppose -r*i + 12 = v, -2*i + 6 = i. Let h(j) = -j**3 + 4*j**2 - j + 1. Let b be h(v). Let q(a) = a**3 + 2*a**2 - a. What is q(b)?
-6
Let d(i) = i - 5. Let z be d(10). Suppose -z*l = 4*l - 45. Let m(p) = -p**2 + 5*p - 6. What is m(l)?
-6
Let h(r) = 2*r**2 + 5*r - 7. Let z(o) = o**2 + 3*o - 4. Let n(c) = 3*h(c) - 5*z(c). Let y(s) = s**2 - 4*s - 3. Let i be y(6). Let t = i - 11. What is n(t)?
3
Let c(t) = t**2 + t. Suppose n = -5*s + 3, s + 1 - 3 = 0. Give c(n).
42
Let q(f) = 9*f**2 - 5*f + 6. Let j(o) = 8*o**2 - 6*o + 7. Let h(y) = -5*j(y) + 6*q(y). Let t = -48 + 47. What is h(t)?
15
Let m(h) be the second derivative of -4*h + 1/20*h**5 + 0 - 1/2*h**4 - 2*h**2 + 7/6*h**3. Calculate m(4).
-8
Let n(d) be the second derivative of -d**4/4 - d**3/6 + d**2/2 + 2*d - 101. Calculate n(-2).
-9
Let a(h) = -h**2 + 5*h + 13. Let b = 7 - 0. Calculate a(b).
-1
Suppose 3*v + 3 = -2*h + 1, -5*h + 5*v = -20. Let f(s) = 3475*s + s**3 - 3475*s + 1 + 4*s**h. Determine f(-4).
1
Let x(s) = 15*s**3 - 3. Let y(b) = -15*b**3 + 2. Let v(k) = -3*x(k) - 4*y(k). Determine v(1).
16
Let f(d) be the first derivative of -6*d**2 + 4*d**2 - 3*d**2 + 277 - 237. Determine f(2).
-20
Let q(v) = -v + 0*v - v - 1. Let s be q(-2). Let g = -3 + s. Let b(a) = a**2 - a + 16. Determine b(g).
16
Let b(s) be the second derivative of -1 - 1/20*s**5 + 2/3*s**3 + 5*s - 4*s**2 + 5/12*s**4. Determine b(6).
-20
Let c(x) be the second derivative of -x**2 - 1/20*x**5 - 13*x + 0 - 5/12*x**4 - 2/3*x**3. Give c(-5).
18
Let n(f) = -2*f**2 + f + 1. Let w be ((-2)/(7 - 1))/((-151)/906). Calculate n(w).
-5
Let m(d) = d**3 + 6*d**2 + 5*d + 5. Suppose 0 = 5*l - 5*t + 50, -81*l - 5*t = -78*l - 10. Give m(l).
5
Let b(i) = i + 11. Let x(q) = -2*q + 7. Let u(k) = k**2 + 11*k + 10. Let t be u(-11). Let v be x(t). Let z be b(v). Let w(j) = j**3 + j**2 - j - 2. Give w(z).
-4
Let o(z) = 2*z**3 + 26*z**2 + 27*z + 36. Let l be o(-12). Let n(h) = 2*h + 15. Give n(l).
15
Let x(k) = -k**2 - 2. Let m be (5 + -1)*6/40*5. Determine x(m).
-11
Let k(w) = w**3 - 3*w**2 - w - 1. Suppose -2*n - 3 + 32 = 5*r, 5*n - 5*r = 20. Suppose 